6
Let t(k) = -25*k**2 - 3*k + 4. What is t(1)?
-24
Let n(d) = -d**2 + 14*d - 29. Give n(9).
16
Let f(q) = q**2 - 14*q + 17. Calculate f(13).
4
Let r(h) = -9*h**2 - 3*h - 2. Calculate r(-2).
-32
Let a(l) = 2*l**2 - 9*l + 32. What is a(5)?
37
Let l(q) = q**2 - 2*q + 11. What is l(0)?
11
Let l(t) = -t**2 + 14*t - 9. Give l(13).
4
Let s(a) = a**3 + 6*a**2 - a - 9. Give s(-6).
-3
Let q(w) = -w**2 + 15*w + 35. What is q(17)?
1
Let b(h) = -h**3 + 25*h**2 + 6. Calculate b(25).
6
Let c(s) = -s**3 + 2*s**2 + 2*s + 3. What is c(-2)?
15
Let a(f) = -f**2 - 17*f - 9. Give a(-17).
-9
Let w(f) = 3*f**2 - f + 3. Determine w(0).
3
Let x(m) = -8*m - 9. What is x(4)?
-41
Let n(b) = 5*b + 3. Give n(4).
23
Let h(w) = w**3 + 4*w**2 - 8*w. Calculate h(-6).
-24
Let j(a) = -a**3 - 11*a**2 + a + 4. Calculate j(-11).
-7
Let y(l) = -3*l - 22. Calculate y(-16).
26
Let o(d) = -d**3 + 10*d**2 - 4*d - 6. What is o(10)?
-46
Let d(p) = p**3 - 4*p**2 + 2*p - 4. Give d(3).
-7
Let v(g) = 6*g - 1. What is v(-1)?
-7
Let c(y) = y**3 - 6*y**2 - 5*y + 2. Give c(5).
-48
Let x(l) = 6*l - 1. What is x(-3)?
-19
Let j(g) = g**3 + 23*g**2 + 35*g - 150. Determine j(-21).
-3
Let g(h) = -5*h + 6. Determine g(5).
-19
Let w(v) = v**3 - 14*v**2 - 15*v - 7. What is w(15)?
-7
Let w(y) = 2*y**3 + 2*y**2 - 5*y + 3. Give w(-4).
-73
Let y(n) = -24*n + 24. What is y(1)?
0
Let h(m) = m**3 + 6*m**2 + 3*m + 8. Give h(-6).
-10
Let r(i) = 44*i + 217. Calculate r(-5).
-3
Let x(b) = -2*b**3 + 2*b**2 + 3*b + 3. Calculate x(-2).
21
Let y(d) = -2*d**2 + 37*d + 38. Calculate y(20).
-22
Let c(k) = 10*k - 254. Determine c(26).
6
Let c(v) = 4*v**3 - v**2 + 5*v - 6. Determine c(2).
32
Let y(i) = i**3 - 6*i**2 + 5*i + 6. Calculate y(6).
36
Let q(k) = k**3 + 6*k**2 + k + 4. Give q(-6).
-2
Let j(d) = -d**2 + 2*d - 1. Give j(4).
-9
Let s(f) = f**3 + 15*f**2 + f + 5. What is s(-15)?
-10
Let q(h) = 2*h**3 + 11*h**2 - 5*h - 11. What is q(-5)?
39
Let g(x) = -2*x**2 + 11*x - 6. What is g(6)?
-12
Let b(c) = c**3 - 10*c**2 + 23*c + 8. Determine b(5).
-2
Let g(z) = -z**2 - 7*z + 9. Give g(-8).
1
Let s(f) = f**2 + 14*f - 70. Calculate s(-19).
25
Let w(m) = 2*m**3 - 40*m**2 - m + 32. What is w(20)?
12
Let j(v) = -v**2 + 7*v + 253. Calculate j(20).
-7
Let o(g) = -g**3 + 27*g**2 + 2*g - 51. What is o(27)?
3
Let a(p) = -7*p**2 - 44*p - 1. Determine a(-8).
-97
Let f(z) = -z**2 + 66*z - 461. Give f(8).
3
Let q(n) = -3*n**2 + 11*n - 7. Give q(6).
-49
Let z(u) = u**3 + 8*u**2 + 7*u. Calculate z(-2).
10
Let l(a) = a**2 + 5*a + 7. Determine l(-5).
7
Let x(v) = 8*v + 2. Determine x(-2).
-14
Let z(u) = u**2 + 3*u + 14. Give z(-4).
18
Let r(i) = -3*i - 2. What is r(-21)?
61
Let n(j) = -j**2 - 6*j + 9. Determine n(-7).
2
Let g(t) = t**3 - 7*t**2 + 8*t + 4. Determine g(5).
-6
Let c(t) = t + 2. Determine c(-2).
0
Let b(d) = 6*d**2 - 23*d + 4. Determine b(4).
8
Let a(d) = -d + 8. Calculate a(-11).
19
Let w(j) = -27*j**2 + j. Calculate w(1).
-26
Let a(o) = -3*o + 8. Determine a(2).
2
Let s(l) = l**3 - 6*l**2 + l - 18. What is s(6)?
-12
Let a(u) = -2*u**2 - 20*u + 80. Calculate a(-13).
2
Let x(v) = 2*v**2 - 17*v + 14. Give x(7).
-7
Let f(i) = i + 7. Calculate f(-10).
-3
Let b(n) = n**2 - 4*n + 10. Calculate b(4).
10
Let y(c) = -c**2 + 13*c - 24. Give y(11).
-2
Let a(c) = 2*c - 37. Give a(-28).
-93
Let o(c) = c**3 + 6*c**2 + 3*c + 8. What is o(-6)?
-10
Let d(i) = -i - 36. Determine d(-16).
-20
Let s(c) = 7*c - 5. What is s(-2)?
-19
Let z(h) = 6*h**2 - 3*h + 3. Determine z(3).
48
Let r(s) = -5*s - 1. Calculate r(-8).
39
Let q(t) = -3*t**3 + 2*t**2 - 2*t + 4. Calculate q(3).
-65
Let s(r) = r**3 - 5*r**2 - 36*r - 3. Calculate s(-4).
-3
Let w(u) = 3*u + 4. Calculate w(-10).
-26
Let h(i) = i**3 - 6*i**2 + 6*i - 2. Give h(5).
3
Let h(o) = 26*o + 107. Calculate h(-4).
3
Let h(n) = -37*n**2 + 2*n + 1. Determine h(-1).
-38
Let j(h) = -2*h**2 + 2*h + 3. Give j(3).
-9
Let r(a) = 28*a**3 + 2*a**2 - 4*a - 4. Calculate r(-1).
-26
Let d(m) = m**2 - 12*m + 22. Calculate d(9).
-5
Let v(w) = -8*w + 17. Calculate v(1).
9
Let s(u) = 2*u - 55. What is s(-8)?
-71
Let h(m) = 2*m**2 + 21*m - 59. Calculate h(-13).
6
Let g(u) = u**3 - 2*u**2 - 9*u + 6. Determine g(6).
96
Let b(w) = 30*w - 482. What is b(16)?
-2
Let s(g) = g + 17. What is s(4)?
21
Let b(x) = -2*x - 30. Calculate b(-8).
-14
Let w(h) = -18*h - 98. What is w(-7)?
28
Let m(i) = -2*i**2 - 7*i - 11. Calculate m(-6).
-41
Let k(m) = 2*m**2 - 26*m - 2. Give k(13).
-2
Let q(d) = -7*d + 8. What is q(20)?
-132
Let t(h) = -h**3 - h**2 + 12*h + 5. What is t(-4)?
5
Let o(a) = a**3 + 6*a**2 - 6*a - 31. Give o(-6).
5
Let c(d) = -40*d + 12. Calculate c(3).
-108
Let s(j) = 4*j - 16. Determine s(5).
4
Let o(h) = h**3 + 8*h**2 + 6*h + 16. What is o(-7)?
23
Let a(l) = -l**2 + 9*l + 21. What is a(9)?
21
Let h(c) = -20*c + 16. What is h(1)?
-4
Let g(w) = -6*w - 61. What is g(-10)?
-1
Let q(y) = 2*y - 7. What is q(2)?
-3
Let x(l) = -4*l + 27. Determine x(10).
-13
Let n(p) = -3*p**3 + 2*p**2 - 3*p + 3. Determine n(-3).
111
Let r(g) = -8*g**3 - 2*g**2 + 2*g - 1. Calculate r(2).
-69
Let h(i) = -i**2 + 13*i + 45. Calculate h(16).
-3
Let l(k) = k**3 - 20*k**2 - 23*k + 42. Determine l(21).
0
Let x(t) = -t**3 - 24*t**2 + 112*t - 10. Calculate x(-28).
-10
Let o(r) = r**3 - 3*r**2 + 2*r + 1. Give o(3).
7
Let r(l) = 7*l**2 + 8*l + 15. Determine r(-2).
27
Let y(d) = 8*d - 21. What is y(2)?
-5
Let z(u) = -u**2 - 2*u. Calculate z(3).
-15
Let p(l) = 36*l + 145. Determine p(-4).
1
Let h(z) = -z**3 + z**2 + 3*z - 14. Calculate h(0).
-14
Let m(p) = 7*p - 284. Calculate m(41).
3
Let w(v) = -14*v + 26. Determine w(9).
-100
Let a(x) = -x**2 - 13*x + 4. Calculate a(-7).
46
Let k(x) = -x**3 + 24*x**2 - 3*x + 71. What is k(24)?
-1
Let j(d) = 19*d. Determine j(-3).
-57
Let j(q) = -q**3 + 9*q**2 + 16. Calculate j(10).
-84
Let y(t) = -4*t**3 - 8*t**2 - 7*t - 1. What is y(-2)?
13
Let z(t) = t - 26. Calculate z(29).
3
Let p(q) = -25*q**2 - q + 1. Calculate p(1).
-25
Let f(i) = -i**2 - 59*i - 270. Determine f(-54).
0
Let g(n) = -n**3 - 6*n**2 - n + 8. Determine g(-6).
14
Let k(w) = 8*w - 92. Calculate k(10).
-12
Let u(n) = -n + 13. What is u(10)?
3
Let m(k) = k**2 - 16*k + 22. Determine m(16).
22
Let s(u) = u - 7. Give s(3).
-4
Let i(k) = 3*k - 28. Give i(6).
-10
Let q(h) = 30*h**2 - 3*h + 2. Give q(1).
29
Let t(q) = -q**2 + 16. Give t(5).
-9
Let d(q) = -2*q**3 - q**2 + 7*q + 6. What is d(-4)?
90
Let o(p) = 7*p - 26. Give o(4).
2
Let l(r) = -51*r - 769. Give l(-15).
-4
Let n(m) = 5*m + 64. What is n(-17)?
-21
Let a(r) = 2*r + 15. Give a(-8).
-1
Let i(g) = -4*g - 7. Determine i(-1).
-3
Let m(q) = 6*q**2 + q. Give m(1).
7
Let u(x) = 124*x + 1. Give u(-1).
-123
Let n(s) = s + 14. Calculate n(0).
14
Let r(k) = k**2 - 22*k + 12. What is r(18)?
-60
Let v(f) = -f**3 + 8*f**2 - 7*f - 5. Give v(8).
-61
Let o(m) = -3*m**2 + 3*m + 2. What is o(3)?
-16
Let q(n) = n**2 - 11*n + 10. Determine q(6).
-20
Let y(t) = 4*t**2 - 19*t - 1. What is y(5)?
4
Let s(m) = -2*m - 5. Calculate s(5).
-15
Let g(r) = -r + 12. Give g(19).
-7
Let v(u) = -31*u - 3. What is v(-3)?
90
Let f(w) = -w**2 + 5*w - 8. Give f(8).
-32
Let m(a) = -a**3 - 3*a**2 - 2*a. Give m(-1).
0
Let j(x) = 2*x**3 - 15*x**2 + 10*x + 2. What is j(8)?
146
Let y(q) = 3*q**2 + 3*q - 1. What is y(2)?
17
Let z(u) = u**3 - 4*u**2 + 2. Determine z(4).
2
Let q(z) = z**3 - 3*z**2 + 2*z - 12. Give q(0).
-12
Let t(u) = 10*u - 139. Calculate t(13).
-9
Let n(y) = y**2 + y + 2. Give n(2).
8
Let g(a) = 6*a - 7. Determine g(-2).
-19
Let o(m) = -m**2 + 15*m - 12. Give o(12).
24
Let j(a) = -a**3 + 4*a**2 + 4*a + 1. What is j(5)?
-4
Let i(a) = 2*a**2 - 3*a - 3. Calculate i(3).
6
Let l(b) = -b**2 - 4*b + 21. Calculate l(-7).
0
Let s(z) = -4*z + 6. Calculate s(-8).
38
Let a(j) = -j - 18. Calculate a(-8).
-10
Let a(k) = k**2 + 12*k + 6. Determine a(-5).
-29
Let f(j) = j**3 - 6*j**2 - 20*j - 10. Give f(9).
53
Let w(k) = -3*k + 6. What is w(4)?
-6
Let y(t) = -t**3 - 5*t**2 - 2*t - 15. Determine y(-7).
97
Let l(z) = -z**3 + 7*z**2 - 15. Determine l(7).
-15
Let h(a) = 2*a**2 - 11*a - 12. What is h(6)?
-6
Let c(x) = 9*x - 5. What is c(2)?
13
Let t(q) = -q**2 - 45*q - 17. What is t(-44)?
27
Let r(s) = -5*s + 3. Give r(-8).
43
Let d(m) = 20*m + 1. What is d(9)?
181
Let i(n) = 81*n**3 + n - 1. What is i(1)?
81
Let m(x) = -2*x**2 - 10*x + 3. What is m